me factors of 1158020.
2, 5, 57901
List the prime factors of 14682150.
2, 3, 5, 7, 59, 79
What are the prime factors of 13739672?
2, 17, 101027
What are the prime factors of 168219?
3, 18691
List the prime factors of 501852.
2, 3, 13, 3217
What are the prime factors of 14390597?
13, 479, 2311
List the prime factors of 70662.
2, 3, 11777
What are the prime factors of 1556511?
3, 11, 101, 467
List the prime factors of 14370908.
2, 47, 76441
What are the prime factors of 655358?
2, 11, 29789
What are the prime factors of 6629053?
61, 109, 997
List the prime factors of 730403.
163, 4481
List the prime factors of 7077510.
2, 3, 5, 11, 2383
List the prime factors of 4609256.
2, 43, 13399
List the prime factors of 354215.
5, 70843
What are the prime factors of 360779?
360779
What are the prime factors of 6842785?
5, 31, 131, 337
List the prime factors of 160947.
3, 1987
List the prime factors of 321532.
2, 31, 2593
List the prime factors of 1674817.
1674817
What are the prime factors of 2389603?
41, 167, 349
List the prime factors of 7214141.
11, 59621
List the prime factors of 1324397.
223, 5939
List the prime factors of 27056250.
2, 3, 5, 13, 37
List the prime factors of 976652.
2, 37, 6599
List the prime factors of 4117958.
2, 13, 41, 3863
What are the prime factors of 6763092?
2, 3, 7, 80513
List the prime factors of 1166608.
2, 17, 4289
What are the prime factors of 11540074?
2, 7, 13, 163, 389
What are the prime factors of 774879?
3, 7, 36899
List the prime factors of 1073185.
5, 37, 5801
What are the prime factors of 5163587?
11, 13, 36109
What are the prime factors of 22558?
2, 11279
List the prime factors of 273153.
3, 83, 1097
List the prime factors of 3762836.
2, 7, 11, 19, 643
What are the prime factors of 805964?
2, 201491
What are the prime factors of 1563288?
2, 3, 53, 1229
What are the prime factors of 56277?
3, 13, 37
What are the prime factors of 3956036?
2, 7, 17, 8311
What are the prime factors of 90106?
2, 45053
What are the prime factors of 166514?
2, 83257
List the prime factors of 1610396.
2, 367, 1097
What are the prime factors of 1711707?
3, 570569
List the prime factors of 363187.
11, 137, 241
What are the prime factors of 13208883?
3, 31, 142031
What are the prime factors of 154600?
2, 5, 773
What are the prime factors of 1532872?
2, 11, 17419
What are the prime factors of 4041577?
47, 85991
List the prime factors of 10672986.
2, 3, 29, 61339
List the prime factors of 264200.
2, 5, 1321
What are the prime factors of 234083?
234083
What are the prime factors of 187370?
2, 5, 41, 457
What are the prime factors of 465182?
2, 232591
What are the prime factors of 142631?
31, 43, 107
What are the prime factors of 132762?
2, 3, 7, 29, 109
What are the prime factors of 4009878?
2, 3, 74257
List the prime factors of 3190921.
509, 6269
List the prime factors of 1972316.
2, 379, 1301
What are the prime factors of 16391?
37, 443
List the prime factors of 948493.
7, 13, 1489
List the prime factors of 167899.
167899
What are the prime factors of 3436746?
2, 3, 572791
What are the prime factors of 447715?
5, 151, 593
List the prime factors of 6474818.
2, 7, 109, 4243
List the prime factors of 325071.
3, 19, 1901
List the prime factors of 154656.
2, 3, 179
List the prime factors of 226584.
2, 3, 1049
What are the prime factors of 110349?
3, 61, 67
What are the prime factors of 9917393?
23, 431191
What are the prime factors of 695261?
7, 2027
What are the prime factors of 424608?
2, 3, 4423
List the prime factors of 329128.
2, 41141
What are the prime factors of 4003734?
2, 3, 7, 95327
List the prime factors of 206519.
206519
List the prime factors of 3040276.
2, 163, 4663
List the prime factors of 291116.
2, 7, 37, 281
What are the prime factors of 10132864?
2, 7, 43, 263
What are the prime factors of 261840?
2, 3, 5, 1091
List the prime factors of 1697220.
2, 3, 5, 7, 449
What are the prime factors of 10612797?
3, 13, 503, 541
What are the prime factors of 7828?
2, 19, 103
List the prime factors of 29554752.
2, 3, 59, 2609
What are the prime factors of 1195691?
7, 170813
List the prime factors of 4050841.
41, 98801
What are the prime factors of 6814429?
6814429
List the prime factors of 22346470.
2, 5, 19, 337, 349
List the prime factors of 960830.
2, 5, 13, 19, 389
What are the prime factors of 8271731?
13, 636287
What are the prime factors of 1912855?
5, 7, 31, 41, 43
What are the prime factors of 357977?
357977
List the prime factors of 4497797.
1481, 3037
What are the prime factors of 74897?
74897
List the prime factors of 5020006.
2, 83, 30241
List the prime factors of 3902550.
2, 3, 5, 26017
List the prime factors of 369448.
2, 46181
What are the prime factors of 3130389?
3, 347821
List the prime factors of 31579224.
2, 3, 1315801
What are the prime factors of 1118847?
3, 461, 809
List the prime factors of 2916659.
419, 6961
List the prime factors of 9976104.
2, 3, 127, 1091
List the prime factors of 2034789.
3, 41, 71, 233
List the prime factors of 3123808.
2, 31, 47, 67
What are the prime factors of 10263688?
2, 1282961
List the prime factors of 5623555.
5, 7, 31, 71, 73
What are the prime factors of 17141746?
2, 17, 47, 631
List the prime factors of 27029565.
3, 5, 347, 577
What are the prime factors of 8928700?
2, 5, 11, 8117
What are the prime factors of 27806162?
2, 83, 191, 877
What are the prime factors of 11440017?
3, 71, 17903
What are the prime factors of 6044109?
3, 19, 107, 991
What are the prime factors of 9456070?
2, 5, 13, 72739
What are the prime factors of 794138?
2, 17, 23357
List the prime factors of 109539.
3, 4057
List the prime factors of 7074097.
7074097
List the prime factors of 2088483.
3, 263, 2647
What are the prime factors of 1536632?
2, 401, 479
List the prime factors of 3660290.
2, 5, 366029
List the prime factors of 23113483.
191, 121013
List the prime factors of 443637.
3, 5477
What are the prime factors of 105372?
2, 3, 2927
What are the prime factors of 2242684?
2, 19, 23, 1283
List the prime factors of 9880766.
2, 7, 705769
What are the prime factors of 100501?
100501
What are the prime factors of 3887993?
3887993
What are the prime factors of 143077?
11, 13007
What are the prime factors of 9076959?
3, 67, 15053
What are the prime factors of 2750081?
113, 24337
List the prime factors of 602741.
41, 61, 241
List the prime factors of 202910.
2, 5, 103, 197
What are the prime factors of 6010954?
2, 19, 317, 499
List the prime factors of 6678181.
223, 29947
What are the prime factors of 884466?
2, 3, 11, 1489
List the prime factors of 402200.
2, 5, 2011
What are the prime factors of 138236?
2, 7, 4937
What are the prime factors of 591275?
5, 67, 353
List the prime factors of 13885296.
2, 3, 59, 4903
What are the prime factors of 85102?
2, 17, 2503
What are the prime factors of 2486041?
2486041
List the prime factors of 1354253.
277, 4889
List the prime factors of 19140.
2, 3, 5, 11, 29
List the prime factors of 4618248.
2, 3, 337, 571
What are the prime factors of 2234603?
7, 73, 4373
What are the prime factors of 305708?
2, 13, 5879
What are the prime factors of 2077435?
5, 163, 2549
What are the prime factors of 9250?
2, 5, 37
What are the prime factors of 96496?
2, 37, 163
What are the prime factors of 9051086?
2, 11, 181, 2273
List the prime factors of 6926758.
2, 367, 9437
What are the prime factors of 11032253?
37, 298169
List the prime factors of 510002.
2, 23, 11087
What are the prime factors of 3995338?
2, 191, 10459
List the prime factors of 199324.
2, 49831
What are the prime factors of 2691352?
2, 336419
List the prime factors of 4541600.
2, 5, 7, 811
What are the prime factors of 243499?
41, 5939
List the prime factors of 490898.
2, 103, 2383
What are the prime factors of 281965?
5, 56393
List the prime factors of 201297.
3, 17, 3947
List the prime factors of 7402819.
1223, 6053
What are the prime factors of 545481?
3, 89, 227
What are the prime factors of 278296?
2, 43, 809
What are the prime factors of 53529?
3, 7, 2549
List the prime factors of 433586.
2, 431, 503
What are the prime factors of 6340177?
2447, 2591
What are the prime factors of 212157?
3, 11, 2143
What are the prime factors of 2483646?
2, 3, 11, 311
List the prime factors of 9855970.
2, 5, 985597
List the prime fac